{"id":30,"date":"2022-05-17T14:57:43","date_gmt":"2022-05-17T12:57:43","guid":{"rendered":"http:\/\/margheritagabbiani.com\/?post_type=product&#038;p=30"},"modified":"2025-10-06T11:55:01","modified_gmt":"2025-10-06T09:55:01","slug":"gravee-sur-ma-peau-broche","status":"publish","type":"product","link":"https:\/\/margheritagabbiani.com\/index.php\/produit\/gravee-sur-ma-peau-broche\/","title":{"rendered":"Grav\u00e9e sur ma peau &#8211; format Broch\u00e9 d\u00e9dicac\u00e9"},"content":{"rendered":"<p><em><strong><span class=\"a-text-italic\">Malgr\u00e9 le temps qui passe, les cicatrices restent\u2026 grav\u00e9es \u00e0 m\u00eame la peau.<\/span><\/strong><\/em><\/p>\n<p>Andrea, une jeune femme ambitieuse et hyperactive, g\u00e8re tous les aspects de sa vie d\u2019une main de ma\u00eetre : promotion \u00e0 venir dans la soci\u00e9t\u00e9 de son p\u00e8re, petit-ami bien sous tous rapports. Pourtant, sous son caract\u00e8re bien tremp\u00e9, elle cache de nombreux complexes li\u00e9s \u00e0 un traumatisme d\u2019enfance qu\u2019elle s\u2019efforce \u00e0 tout prix d\u2019oublier.<\/p>\n<p>Evie est une artiste fauch\u00e9e, qui essaie tant bien que mal de joindre les deux bouts tout en s\u2019occupant de son petit fr\u00e8re. Elle ne s\u2019est jamais remise du d\u00e9c\u00e8s de son p\u00e8re et de l\u2019abandon de sa m\u00e8re, partie sans se retourner il y a d\u00e9j\u00e0 plusieurs ann\u00e9es. Dans ce contexte, difficile pour elle d\u2019ouvrir son coeur, elle pr\u00e9f\u00e8re encha\u00eener les histoires sans lendemain.<\/p>\n<p>Lorsque les deux jeunes femmes se rencontrent dans le Love Shop o\u00f9 Evie travaille, l\u2019attraction est imm\u00e9diate. Assez pour \u00e9branler toutes les certitudes d\u2019Andrea, et se demander quelle histoire se cache derri\u00e8re les cicatrices qu\u2019Evie affiche sans pudeur. Peut-\u00eatre ont-elles plus en commun que ce qu\u2019elles croient\u2026<\/p>\n<p><span class=\"a-text-bold\">Pourront-elles se lib\u00e9rer des blessures du pass\u00e9 pour \u00eatre ensemble ?<\/span><\/p>\n<p>&#8212;<\/p>\n<p>\u00ab\u00a0Grav\u00e9e sur ma peau\u00a0\u00bb paru le 22 avril 2022 chez Kindle Publishing.<br \/>\n\u00c9dition broch\u00e9e, 471 pages.<\/p>\n<p><strong>Vous pr\u00e9f\u00e9rez lire en num\u00e9rique ?<\/strong><br \/>\n<a href=\"https:\/\/www.amazon.fr\/Grav%C3%A9e-sur-peau-romance-d%C3%A9motions-ebook\/dp\/B09XVNVZ3D?&#038;linkCode=ll1&#038;tag=lollly3-21&#038;linkId=bc58c77d7dec4c463e3e0e12de753447&#038;language=fr_FR&#038;ref_=as_li_ss_tl\" rel=\"noopener\" target=\"_blank\">> Commander l&rsquo;ebook <<\/a><\/p>\n<p><strong>Si vous souhaitez une d\u00e9dicace, merci de pr\u00e9ciser votre pr\u00e9nom dans la case \u00ab\u00a0Commentaires\u00a0\u00bb lors de votre commande \ud83d\ude42<\/strong><\/p>\n<p><em><strong>AESTHETIC :<\/strong><\/em><\/p>\n<div style=\"width: 576px;\" class=\"wp-video\"><video class=\"wp-video-shortcode\" id=\"video-30-1\" width=\"576\" height=\"1024\" preload=\"metadata\" controls=\"controls\"><source type=\"video\/mp4\" src=\"https:\/\/margheritagabbiani.com\/wp-content\/uploads\/2022\/05\/Aesthetic-Grave\u0301e-sur-ma-peau.mp4?_=1\" \/><a href=\"https:\/\/margheritagabbiani.com\/wp-content\/uploads\/2022\/05\/Aesthetic-Grave\u0301e-sur-ma-peau.mp4\">https:\/\/margheritagabbiani.com\/wp-content\/uploads\/2022\/05\/Aesthetic-Grave\u0301e-sur-ma-peau.mp4<\/a><\/video><\/div>\n","protected":false},"excerpt":{"rendered":"<p>Romance FF, romance LGBT, romance contemporaine. Roman publi\u00e9 le 22 avril 2022 via Kindle Publishing.<\/p>\n<p><strong>Si vous souhaitez une d\u00e9dicace, merci de pr\u00e9ciser votre pr\u00e9nom dans la case \u00ab Commentaires \u00bb lors de votre commande \ud83d\ude42<\/strong><\/p>\n","protected":false},"featured_media":31,"comment_status":"open","ping_status":"closed","template":"","meta":[],"product_brand":[],"product_cat":[22],"product_tag":[19,24,23,25],"class_list":{"0":"post-30","1":"product","2":"type-product","3":"status-publish","4":"has-post-thumbnail","6":"product_cat-romance-contemporaine","7":"product_tag-romance-contemporaine","8":"product_tag-romance-ff","9":"product_tag-romance-lesbienne","10":"product_tag-romance-lgbt","11":"latest_post","13":"first","14":"instock","15":"taxable","16":"shipping-taxable","17":"purchasable","18":"product-type-simple"},"yoast_head":"<!-- This site is optimized with the Yoast SEO plugin v27.3 - https:\/\/yoast.com\/product\/yoast-seo-wordpress\/ -->\n<title>Grav\u00e9e sur ma peau - Margherita Gabbiani<\/title>\n<meta name=\"description\" content=\"Pourront-elles se lib\u00e9rer des blessures du pass\u00e9 pour \u00eatre ensemble ? Commandez votre exemplaire au format broch\u00e9 d\u00e9dicac\u00e9 !\" \/>\n<meta name=\"robots\" content=\"index, follow, max-snippet:-1, max-image-preview:large, max-video-preview:-1\" \/>\n<link rel=\"canonical\" href=\"https:\/\/margheritagabbiani.com\/index.php\/produit\/gravee-sur-ma-peau-broche\/\" \/>\n<meta property=\"og:locale\" content=\"fr_FR\" \/>\n<meta property=\"og:type\" content=\"article\" \/>\n<meta property=\"og:title\" content=\"Grav\u00e9e sur ma peau - Margherita Gabbiani\" \/>\n<meta property=\"og:description\" content=\"Pourront-elles se lib\u00e9rer des blessures du pass\u00e9 pour \u00eatre ensemble ? Commandez votre exemplaire au format broch\u00e9 d\u00e9dicac\u00e9 !\" \/>\n<meta property=\"og:url\" content=\"https:\/\/margheritagabbiani.com\/index.php\/produit\/gravee-sur-ma-peau-broche\/\" \/>\n<meta property=\"og:site_name\" content=\"Margherita Gabbiani\" \/>\n<meta property=\"article:modified_time\" content=\"2025-10-06T09:55:01+00:00\" \/>\n<meta property=\"og:image\" content=\"https:\/\/margheritagabbiani.com\/wp-content\/uploads\/2022\/05\/GSMP-broche\u0301.jpg\" \/>\n\t<meta property=\"og:image:width\" content=\"1080\" \/>\n\t<meta property=\"og:image:height\" content=\"1080\" \/>\n\t<meta property=\"og:image:type\" content=\"image\/jpeg\" \/>\n<meta name=\"twitter:card\" content=\"summary_large_image\" \/>\n<meta name=\"twitter:label1\" content=\"Dur\u00e9e de lecture estim\u00e9e\" \/>\n\t<meta name=\"twitter:data1\" content=\"2 minutes\" \/>\n<script type=\"application\/ld+json\" class=\"yoast-schema-graph\">{\"@context\":\"https:\\\/\\\/schema.org\",\"@graph\":[{\"@type\":\"WebPage\",\"@id\":\"https:\\\/\\\/margheritagabbiani.com\\\/index.php\\\/produit\\\/gravee-sur-ma-peau-broche\\\/\",\"url\":\"https:\\\/\\\/margheritagabbiani.com\\\/index.php\\\/produit\\\/gravee-sur-ma-peau-broche\\\/\",\"name\":\"Grav\u00e9e sur ma peau - Margherita Gabbiani\",\"isPartOf\":{\"@id\":\"https:\\\/\\\/margheritagabbiani.com\\\/#website\"},\"primaryImageOfPage\":{\"@id\":\"https:\\\/\\\/margheritagabbiani.com\\\/index.php\\\/produit\\\/gravee-sur-ma-peau-broche\\\/#primaryimage\"},\"image\":{\"@id\":\"https:\\\/\\\/margheritagabbiani.com\\\/index.php\\\/produit\\\/gravee-sur-ma-peau-broche\\\/#primaryimage\"},\"thumbnailUrl\":\"https:\\\/\\\/i0.wp.com\\\/margheritagabbiani.com\\\/wp-content\\\/uploads\\\/2022\\\/05\\\/GSMP-broche%CC%81.jpg?fit=1080%2C1080&ssl=1\",\"datePublished\":\"2022-05-17T12:57:43+00:00\",\"dateModified\":\"2025-10-06T09:55:01+00:00\",\"description\":\"Pourront-elles se lib\u00e9rer des blessures du pass\u00e9 pour \u00eatre ensemble ? Commandez votre exemplaire au format broch\u00e9 d\u00e9dicac\u00e9 !\",\"breadcrumb\":{\"@id\":\"https:\\\/\\\/margheritagabbiani.com\\\/index.php\\\/produit\\\/gravee-sur-ma-peau-broche\\\/#breadcrumb\"},\"inLanguage\":\"fr-FR\",\"potentialAction\":[{\"@type\":\"ReadAction\",\"target\":[\"https:\\\/\\\/margheritagabbiani.com\\\/index.php\\\/produit\\\/gravee-sur-ma-peau-broche\\\/\"]}]},{\"@type\":\"ImageObject\",\"inLanguage\":\"fr-FR\",\"@id\":\"https:\\\/\\\/margheritagabbiani.com\\\/index.php\\\/produit\\\/gravee-sur-ma-peau-broche\\\/#primaryimage\",\"url\":\"https:\\\/\\\/i0.wp.com\\\/margheritagabbiani.com\\\/wp-content\\\/uploads\\\/2022\\\/05\\\/GSMP-broche%CC%81.jpg?fit=1080%2C1080&ssl=1\",\"contentUrl\":\"https:\\\/\\\/i0.wp.com\\\/margheritagabbiani.com\\\/wp-content\\\/uploads\\\/2022\\\/05\\\/GSMP-broche%CC%81.jpg?fit=1080%2C1080&ssl=1\",\"width\":1080,\"height\":1080,\"caption\":\"Grav\u00e9e sur ma peau format broch\u00e9\"},{\"@type\":\"BreadcrumbList\",\"@id\":\"https:\\\/\\\/margheritagabbiani.com\\\/index.php\\\/produit\\\/gravee-sur-ma-peau-broche\\\/#breadcrumb\",\"itemListElement\":[{\"@type\":\"ListItem\",\"position\":1,\"name\":\"Accueil\",\"item\":\"https:\\\/\\\/margheritagabbiani.com\\\/\"},{\"@type\":\"ListItem\",\"position\":2,\"name\":\"Boutique\",\"item\":\"https:\\\/\\\/margheritagabbiani.com\\\/index.php\\\/boutique\\\/\"},{\"@type\":\"ListItem\",\"position\":3,\"name\":\"Grav\u00e9e sur ma peau &#8211; format Broch\u00e9 d\u00e9dicac\u00e9\"}]},{\"@type\":\"WebSite\",\"@id\":\"https:\\\/\\\/margheritagabbiani.com\\\/#website\",\"url\":\"https:\\\/\\\/margheritagabbiani.com\\\/\",\"name\":\"Margherita Gabbiani\",\"description\":\"Auteure de romance contemporaine\",\"publisher\":{\"@id\":\"https:\\\/\\\/margheritagabbiani.com\\\/#\\\/schema\\\/person\\\/b1408d77fac0a037cfd72afa44789b02\"},\"potentialAction\":[{\"@type\":\"SearchAction\",\"target\":{\"@type\":\"EntryPoint\",\"urlTemplate\":\"https:\\\/\\\/margheritagabbiani.com\\\/?s={search_term_string}\"},\"query-input\":{\"@type\":\"PropertyValueSpecification\",\"valueRequired\":true,\"valueName\":\"search_term_string\"}}],\"inLanguage\":\"fr-FR\"},{\"@type\":[\"Person\",\"Organization\"],\"@id\":\"https:\\\/\\\/margheritagabbiani.com\\\/#\\\/schema\\\/person\\\/b1408d77fac0a037cfd72afa44789b02\",\"name\":\"Margherita Gabbiani\",\"image\":{\"@type\":\"ImageObject\",\"inLanguage\":\"fr-FR\",\"@id\":\"https:\\\/\\\/i0.wp.com\\\/margheritagabbiani.com\\\/wp-content\\\/uploads\\\/2022\\\/05\\\/Margherita-Gabbiani-auteur-HD-1-scaled.jpg?fit=2482%2C2560\",\"url\":\"https:\\\/\\\/i0.wp.com\\\/margheritagabbiani.com\\\/wp-content\\\/uploads\\\/2022\\\/05\\\/Margherita-Gabbiani-auteur-HD-1-scaled.jpg?fit=2482%2C2560\",\"contentUrl\":\"https:\\\/\\\/i0.wp.com\\\/margheritagabbiani.com\\\/wp-content\\\/uploads\\\/2022\\\/05\\\/Margherita-Gabbiani-auteur-HD-1-scaled.jpg?fit=2482%2C2560\",\"width\":2482,\"height\":2560,\"caption\":\"Margherita Gabbiani\"},\"logo\":{\"@id\":\"https:\\\/\\\/i0.wp.com\\\/margheritagabbiani.com\\\/wp-content\\\/uploads\\\/2022\\\/05\\\/Margherita-Gabbiani-auteur-HD-1-scaled.jpg?fit=2482%2C2560\"},\"sameAs\":[\"http:\\\/\\\/margheritagabbiani.com\",\"https:\\\/\\\/www.instagram.com\\\/margherita.gabbiani\\\/\"]}]}<\/script>\n<!-- \/ Yoast SEO plugin. -->","yoast_head_json":{"title":"Grav\u00e9e sur ma peau - Margherita Gabbiani","description":"Pourront-elles se lib\u00e9rer des blessures du pass\u00e9 pour \u00eatre ensemble ? Commandez votre exemplaire au format broch\u00e9 d\u00e9dicac\u00e9 !","robots":{"index":"index","follow":"follow","max-snippet":"max-snippet:-1","max-image-preview":"max-image-preview:large","max-video-preview":"max-video-preview:-1"},"canonical":"https:\/\/margheritagabbiani.com\/index.php\/produit\/gravee-sur-ma-peau-broche\/","og_locale":"fr_FR","og_type":"article","og_title":"Grav\u00e9e sur ma peau - Margherita Gabbiani","og_description":"Pourront-elles se lib\u00e9rer des blessures du pass\u00e9 pour \u00eatre ensemble ? Commandez votre exemplaire au format broch\u00e9 d\u00e9dicac\u00e9 !","og_url":"https:\/\/margheritagabbiani.com\/index.php\/produit\/gravee-sur-ma-peau-broche\/","og_site_name":"Margherita Gabbiani","article_modified_time":"2025-10-06T09:55:01+00:00","og_image":[{"width":1080,"height":1080,"url":"https:\/\/margheritagabbiani.com\/wp-content\/uploads\/2022\/05\/GSMP-broche\u0301.jpg","type":"image\/jpeg"}],"twitter_card":"summary_large_image","twitter_misc":{"Dur\u00e9e de lecture estim\u00e9e":"2 minutes"},"schema":{"@context":"https:\/\/schema.org","@graph":[{"@type":"WebPage","@id":"https:\/\/margheritagabbiani.com\/index.php\/produit\/gravee-sur-ma-peau-broche\/","url":"https:\/\/margheritagabbiani.com\/index.php\/produit\/gravee-sur-ma-peau-broche\/","name":"Grav\u00e9e sur ma peau - Margherita Gabbiani","isPartOf":{"@id":"https:\/\/margheritagabbiani.com\/#website"},"primaryImageOfPage":{"@id":"https:\/\/margheritagabbiani.com\/index.php\/produit\/gravee-sur-ma-peau-broche\/#primaryimage"},"image":{"@id":"https:\/\/margheritagabbiani.com\/index.php\/produit\/gravee-sur-ma-peau-broche\/#primaryimage"},"thumbnailUrl":"https:\/\/i0.wp.com\/margheritagabbiani.com\/wp-content\/uploads\/2022\/05\/GSMP-broche%CC%81.jpg?fit=1080%2C1080&ssl=1","datePublished":"2022-05-17T12:57:43+00:00","dateModified":"2025-10-06T09:55:01+00:00","description":"Pourront-elles se lib\u00e9rer des blessures du pass\u00e9 pour \u00eatre ensemble ? Commandez votre exemplaire au format broch\u00e9 d\u00e9dicac\u00e9 !","breadcrumb":{"@id":"https:\/\/margheritagabbiani.com\/index.php\/produit\/gravee-sur-ma-peau-broche\/#breadcrumb"},"inLanguage":"fr-FR","potentialAction":[{"@type":"ReadAction","target":["https:\/\/margheritagabbiani.com\/index.php\/produit\/gravee-sur-ma-peau-broche\/"]}]},{"@type":"ImageObject","inLanguage":"fr-FR","@id":"https:\/\/margheritagabbiani.com\/index.php\/produit\/gravee-sur-ma-peau-broche\/#primaryimage","url":"https:\/\/i0.wp.com\/margheritagabbiani.com\/wp-content\/uploads\/2022\/05\/GSMP-broche%CC%81.jpg?fit=1080%2C1080&ssl=1","contentUrl":"https:\/\/i0.wp.com\/margheritagabbiani.com\/wp-content\/uploads\/2022\/05\/GSMP-broche%CC%81.jpg?fit=1080%2C1080&ssl=1","width":1080,"height":1080,"caption":"Grav\u00e9e sur ma peau format broch\u00e9"},{"@type":"BreadcrumbList","@id":"https:\/\/margheritagabbiani.com\/index.php\/produit\/gravee-sur-ma-peau-broche\/#breadcrumb","itemListElement":[{"@type":"ListItem","position":1,"name":"Accueil","item":"https:\/\/margheritagabbiani.com\/"},{"@type":"ListItem","position":2,"name":"Boutique","item":"https:\/\/margheritagabbiani.com\/index.php\/boutique\/"},{"@type":"ListItem","position":3,"name":"Grav\u00e9e sur ma peau &#8211; format Broch\u00e9 d\u00e9dicac\u00e9"}]},{"@type":"WebSite","@id":"https:\/\/margheritagabbiani.com\/#website","url":"https:\/\/margheritagabbiani.com\/","name":"Margherita Gabbiani","description":"Auteure de romance contemporaine","publisher":{"@id":"https:\/\/margheritagabbiani.com\/#\/schema\/person\/b1408d77fac0a037cfd72afa44789b02"},"potentialAction":[{"@type":"SearchAction","target":{"@type":"EntryPoint","urlTemplate":"https:\/\/margheritagabbiani.com\/?s={search_term_string}"},"query-input":{"@type":"PropertyValueSpecification","valueRequired":true,"valueName":"search_term_string"}}],"inLanguage":"fr-FR"},{"@type":["Person","Organization"],"@id":"https:\/\/margheritagabbiani.com\/#\/schema\/person\/b1408d77fac0a037cfd72afa44789b02","name":"Margherita Gabbiani","image":{"@type":"ImageObject","inLanguage":"fr-FR","@id":"https:\/\/i0.wp.com\/margheritagabbiani.com\/wp-content\/uploads\/2022\/05\/Margherita-Gabbiani-auteur-HD-1-scaled.jpg?fit=2482%2C2560","url":"https:\/\/i0.wp.com\/margheritagabbiani.com\/wp-content\/uploads\/2022\/05\/Margherita-Gabbiani-auteur-HD-1-scaled.jpg?fit=2482%2C2560","contentUrl":"https:\/\/i0.wp.com\/margheritagabbiani.com\/wp-content\/uploads\/2022\/05\/Margherita-Gabbiani-auteur-HD-1-scaled.jpg?fit=2482%2C2560","width":2482,"height":2560,"caption":"Margherita Gabbiani"},"logo":{"@id":"https:\/\/i0.wp.com\/margheritagabbiani.com\/wp-content\/uploads\/2022\/05\/Margherita-Gabbiani-auteur-HD-1-scaled.jpg?fit=2482%2C2560"},"sameAs":["http:\/\/margheritagabbiani.com","https:\/\/www.instagram.com\/margherita.gabbiani\/"]}]}},"jetpack_sharing_enabled":true,"_links":{"self":[{"href":"https:\/\/margheritagabbiani.com\/index.php\/wp-json\/wp\/v2\/product\/30","targetHints":{"allow":["GET"]}}],"collection":[{"href":"https:\/\/margheritagabbiani.com\/index.php\/wp-json\/wp\/v2\/product"}],"about":[{"href":"https:\/\/margheritagabbiani.com\/index.php\/wp-json\/wp\/v2\/types\/product"}],"replies":[{"embeddable":true,"href":"https:\/\/margheritagabbiani.com\/index.php\/wp-json\/wp\/v2\/comments?post=30"}],"wp:featuredmedia":[{"embeddable":true,"href":"https:\/\/margheritagabbiani.com\/index.php\/wp-json\/wp\/v2\/media\/31"}],"wp:attachment":[{"href":"https:\/\/margheritagabbiani.com\/index.php\/wp-json\/wp\/v2\/media?parent=30"}],"wp:term":[{"taxonomy":"product_brand","embeddable":true,"href":"https:\/\/margheritagabbiani.com\/index.php\/wp-json\/wp\/v2\/product_brand?post=30"},{"taxonomy":"product_cat","embeddable":true,"href":"https:\/\/margheritagabbiani.com\/index.php\/wp-json\/wp\/v2\/product_cat?post=30"},{"taxonomy":"product_tag","embeddable":true,"href":"https:\/\/margheritagabbiani.com\/index.php\/wp-json\/wp\/v2\/product_tag?post=30"}],"curies":[{"name":"wp","href":"https:\/\/api.w.org\/{rel}","templated":true}]}}