{"id":7660,"date":"2026-02-03T09:59:46","date_gmt":"2026-02-03T08:59:46","guid":{"rendered":"https:\/\/margheritagabbiani.com\/?post_type=product&#038;p=7660"},"modified":"2026-04-29T11:33:52","modified_gmt":"2026-04-29T09:33:52","slug":"sympathy-for-the-devil-tome-1","status":"publish","type":"product","link":"https:\/\/margheritagabbiani.com\/index.php\/produit\/sympathy-for-the-devil-tome-1\/","title":{"rendered":"Sympathy for the Devil Tome 1 &#8211; format Broch\u00e9 d\u00e9dicac\u00e9"},"content":{"rendered":"<p><em>Attention ! Ce livre est une Dark Romance destin\u00e9e \u00e0 un public adulte et averti.<\/em><\/p>\n<p>Il s&rsquo;agit du tome 1 d&rsquo;une duologie.<\/p>\n<p>***<\/p>\n<p><span class=\"a-text-bold\"><strong>On dit que l\u2019enfer est pav\u00e9 de bonnes intentions\u2026 Lui n\u2019en a aucune.<\/strong><\/span><\/p>\n<p>Riche h\u00e9riti\u00e8re, Antonia Da Sousa a \u00e9t\u00e9 \u00e9lev\u00e9e avec des principes forts et n\u2019a jamais d\u00e9vi\u00e9 du droit chemin. Pourtant, pour prouver aux investisseurs qu\u2019elle est digne de reprendre les r\u00eanes de l\u2019entreprise familiale, elle accepte de franchir la limite.<\/p>\n<p>Sa mission : infiltrer le quotidien d\u2019Ilan Laroque, le P. -D.G. de la soci\u00e9t\u00e9 rivale, et l\u2019homme le plus redout\u00e9 du milieu. Manipulateur, froid, charismatique, on le surnomme \u00ab le diable des affaires \u00bb &#8230; et il ne laissera personne d\u00e9couvrir ses secrets.<\/p>\n<p>Mais lorsque la s\u0153ur d\u2019Ilan dispara\u00eet, Antonia se retrouve embarqu\u00e9e malgr\u00e9 elle dans une traque clandestine et dangereuse, l\u00e0 o\u00f9 plus rien ne ressemble au monde qu\u2019elle conna\u00eet.<\/p>\n<p>Plong\u00e9s dans l\u2019horreur, Ilan et Antonia n\u2019auront d\u2019autre choix que de se faire confiance s\u2019ils veulent survivre.<\/p>\n<p><span class=\"a-text-bold\">Et si, au c\u0153ur des t\u00e9n\u00e8bres, Ilan n\u2019\u00e9tait pas celui dont elle devrait le plus se m\u00e9fier ?<\/span><\/p>\n<p>&#8212;<\/p>\n<p>\u00ab\u00a0Sympathy for the Devil &#8211; Tome 1\u00a0\u00bb paru en f\u00e9vrier 2026 chez Hugo Romance.<br \/>\n\u00c9dition broch\u00e9e, 408 pages.<\/p>\n<p>Vous pr\u00e9f\u00e9rez la version num\u00e9rique ?<br \/>\n<a href=\"https:\/\/www.amazon.fr\/Sympathy-Devil-01-Margherita-Gabbiani-ebook\/dp\/B0G599M3LX\/ref=tmm_kin_swatch_0\">&gt; Commander l&rsquo;ebook &lt;<\/a><\/p>\n<p><strong>Si vous souhaitez une d\u00e9dicace, merci de pr\u00e9ciser votre pr\u00e9nom dans la case \u00ab\u00a0Commentaires\u00a0\u00bb lors de votre commande \ud83d\ude42<\/strong><\/p>\n","protected":false},"excerpt":{"rendered":"<p>Dark romance en 2 tomes pour public averti. Tropes : dark romance, rivals to lovers, girl boss, personnages \u00ab\u00a0morally grey\u00a0\u00bb, secrets et traumas d&rsquo;enfance. Paru chez Hugo Romance en f\u00e9vrier 2026.<\/p>\n<p>Tome 2 disponible d\u00e8s le 15 avril 2026 !<\/p>\n<p><strong>Si vous souhaitez une d\u00e9dicace, merci de pr\u00e9ciser votre pr\u00e9nom dans la case \u00ab\u00a0Commentaires\u00a0\u00bb lors de votre commande \ud83d\ude42<\/strong><\/p>\n","protected":false},"featured_media":7662,"comment_status":"open","ping_status":"closed","template":"","meta":[],"product_brand":[],"product_cat":[65],"product_tag":[71,66,68,69,67,70],"class_list":{"0":"post-7660","1":"product","2":"type-product","3":"status-publish","4":"has-post-thumbnail","6":"product_cat-dark-romance","7":"product_tag-childhood-traumas","8":"product_tag-dark-romance","9":"product_tag-girl-boss","10":"product_tag-morally-grey","11":"product_tag-rivals-to-lovers","12":"product_tag-secrets","13":"latest_post","15":"first","16":"instock","17":"sold-individually","18":"taxable","19":"shipping-taxable","20":"purchasable","21":"product-type-simple"},"yoast_head":"<!-- This site is optimized with the Yoast SEO plugin v27.3 - https:\/\/yoast.com\/product\/yoast-seo-wordpress\/ -->\n<title>Sympathy for the Devil Tome 1 - Margherita Gabbiani<\/title>\n<meta name=\"description\" content=\"Quand Antonia s&#039;infiltre dans la vie de son rival, surnomm\u00e9 &quot;le diable des affaires&quot;, elle se retrouve embarqu\u00e9e malgr\u00e9 elle dans une traque clandestine et dangereuse.\" \/>\n<meta name=\"robots\" content=\"index, follow, max-snippet:-1, max-image-preview:large, max-video-preview:-1\" \/>\n<link rel=\"canonical\" href=\"https:\/\/margheritagabbiani.com\/index.php\/produit\/sympathy-for-the-devil-tome-1\/\" \/>\n<meta property=\"og:locale\" content=\"fr_FR\" \/>\n<meta property=\"og:type\" content=\"article\" \/>\n<meta property=\"og:title\" content=\"Sympathy for the Devil Tome 1 - Margherita Gabbiani\" \/>\n<meta property=\"og:description\" content=\"Quand Antonia s&#039;infiltre dans la vie de son rival, surnomm\u00e9 &quot;le diable des affaires&quot;, elle se retrouve embarqu\u00e9e malgr\u00e9 elle dans une traque clandestine et dangereuse.\" \/>\n<meta property=\"og:url\" content=\"https:\/\/margheritagabbiani.com\/index.php\/produit\/sympathy-for-the-devil-tome-1\/\" \/>\n<meta property=\"og:site_name\" content=\"Margherita Gabbiani\" \/>\n<meta property=\"article:modified_time\" content=\"2026-04-29T09:33:52+00:00\" \/>\n<meta property=\"og:image\" content=\"https:\/\/margheritagabbiani.com\/wp-content\/uploads\/2026\/02\/Capture-decran-2026-02-03-a-09.59.11.png\" \/>\n\t<meta property=\"og:image:width\" content=\"640\" \/>\n\t<meta property=\"og:image:height\" content=\"642\" \/>\n\t<meta property=\"og:image:type\" content=\"image\/png\" \/>\n<meta name=\"twitter:card\" content=\"summary_large_image\" \/>\n<meta name=\"twitter:label1\" content=\"Dur\u00e9e de lecture estim\u00e9e\" \/>\n\t<meta name=\"twitter:data1\" content=\"2 minutes\" \/>\n<script type=\"application\/ld+json\" class=\"yoast-schema-graph\">{\"@context\":\"https:\\\/\\\/schema.org\",\"@graph\":[{\"@type\":\"WebPage\",\"@id\":\"https:\\\/\\\/margheritagabbiani.com\\\/index.php\\\/produit\\\/sympathy-for-the-devil-tome-1\\\/\",\"url\":\"https:\\\/\\\/margheritagabbiani.com\\\/index.php\\\/produit\\\/sympathy-for-the-devil-tome-1\\\/\",\"name\":\"Sympathy for the Devil Tome 1 - Margherita Gabbiani\",\"isPartOf\":{\"@id\":\"https:\\\/\\\/margheritagabbiani.com\\\/#website\"},\"primaryImageOfPage\":{\"@id\":\"https:\\\/\\\/margheritagabbiani.com\\\/index.php\\\/produit\\\/sympathy-for-the-devil-tome-1\\\/#primaryimage\"},\"image\":{\"@id\":\"https:\\\/\\\/margheritagabbiani.com\\\/index.php\\\/produit\\\/sympathy-for-the-devil-tome-1\\\/#primaryimage\"},\"thumbnailUrl\":\"https:\\\/\\\/i0.wp.com\\\/margheritagabbiani.com\\\/wp-content\\\/uploads\\\/2026\\\/02\\\/Capture-decran-2026-02-03-a-09.59.11.png?fit=640%2C642&ssl=1\",\"datePublished\":\"2026-02-03T08:59:46+00:00\",\"dateModified\":\"2026-04-29T09:33:52+00:00\",\"description\":\"Quand Antonia s'infiltre dans la vie de son rival, surnomm\u00e9 \\\"le diable des affaires\\\", elle se retrouve embarqu\u00e9e malgr\u00e9 elle dans une traque clandestine et dangereuse.\",\"breadcrumb\":{\"@id\":\"https:\\\/\\\/margheritagabbiani.com\\\/index.php\\\/produit\\\/sympathy-for-the-devil-tome-1\\\/#breadcrumb\"},\"inLanguage\":\"fr-FR\",\"potentialAction\":[{\"@type\":\"ReadAction\",\"target\":[\"https:\\\/\\\/margheritagabbiani.com\\\/index.php\\\/produit\\\/sympathy-for-the-devil-tome-1\\\/\"]}]},{\"@type\":\"ImageObject\",\"inLanguage\":\"fr-FR\",\"@id\":\"https:\\\/\\\/margheritagabbiani.com\\\/index.php\\\/produit\\\/sympathy-for-the-devil-tome-1\\\/#primaryimage\",\"url\":\"https:\\\/\\\/i0.wp.com\\\/margheritagabbiani.com\\\/wp-content\\\/uploads\\\/2026\\\/02\\\/Capture-decran-2026-02-03-a-09.59.11.png?fit=640%2C642&ssl=1\",\"contentUrl\":\"https:\\\/\\\/i0.wp.com\\\/margheritagabbiani.com\\\/wp-content\\\/uploads\\\/2026\\\/02\\\/Capture-decran-2026-02-03-a-09.59.11.png?fit=640%2C642&ssl=1\",\"width\":640,\"height\":642},{\"@type\":\"BreadcrumbList\",\"@id\":\"https:\\\/\\\/margheritagabbiani.com\\\/index.php\\\/produit\\\/sympathy-for-the-devil-tome-1\\\/#breadcrumb\",\"itemListElement\":[{\"@type\":\"ListItem\",\"position\":1,\"name\":\"Accueil\",\"item\":\"https:\\\/\\\/margheritagabbiani.com\\\/\"},{\"@type\":\"ListItem\",\"position\":2,\"name\":\"Boutique\",\"item\":\"https:\\\/\\\/margheritagabbiani.com\\\/index.php\\\/boutique\\\/\"},{\"@type\":\"ListItem\",\"position\":3,\"name\":\"Sympathy for the Devil Tome 1 &#8211; format Broch\u00e9 d\u00e9dicac\u00e9\"}]},{\"@type\":\"WebSite\",\"@id\":\"https:\\\/\\\/margheritagabbiani.com\\\/#website\",\"url\":\"https:\\\/\\\/margheritagabbiani.com\\\/\",\"name\":\"Margherita Gabbiani\",\"description\":\"Auteure de romance contemporaine\",\"publisher\":{\"@id\":\"https:\\\/\\\/margheritagabbiani.com\\\/#\\\/schema\\\/person\\\/b1408d77fac0a037cfd72afa44789b02\"},\"potentialAction\":[{\"@type\":\"SearchAction\",\"target\":{\"@type\":\"EntryPoint\",\"urlTemplate\":\"https:\\\/\\\/margheritagabbiani.com\\\/?s={search_term_string}\"},\"query-input\":{\"@type\":\"PropertyValueSpecification\",\"valueRequired\":true,\"valueName\":\"search_term_string\"}}],\"inLanguage\":\"fr-FR\"},{\"@type\":[\"Person\",\"Organization\"],\"@id\":\"https:\\\/\\\/margheritagabbiani.com\\\/#\\\/schema\\\/person\\\/b1408d77fac0a037cfd72afa44789b02\",\"name\":\"Margherita Gabbiani\",\"image\":{\"@type\":\"ImageObject\",\"inLanguage\":\"fr-FR\",\"@id\":\"https:\\\/\\\/i0.wp.com\\\/margheritagabbiani.com\\\/wp-content\\\/uploads\\\/2022\\\/05\\\/Margherita-Gabbiani-auteur-HD-1-scaled.jpg?fit=2482%2C2560\",\"url\":\"https:\\\/\\\/i0.wp.com\\\/margheritagabbiani.com\\\/wp-content\\\/uploads\\\/2022\\\/05\\\/Margherita-Gabbiani-auteur-HD-1-scaled.jpg?fit=2482%2C2560\",\"contentUrl\":\"https:\\\/\\\/i0.wp.com\\\/margheritagabbiani.com\\\/wp-content\\\/uploads\\\/2022\\\/05\\\/Margherita-Gabbiani-auteur-HD-1-scaled.jpg?fit=2482%2C2560\",\"width\":2482,\"height\":2560,\"caption\":\"Margherita Gabbiani\"},\"logo\":{\"@id\":\"https:\\\/\\\/i0.wp.com\\\/margheritagabbiani.com\\\/wp-content\\\/uploads\\\/2022\\\/05\\\/Margherita-Gabbiani-auteur-HD-1-scaled.jpg?fit=2482%2C2560\"},\"sameAs\":[\"http:\\\/\\\/margheritagabbiani.com\",\"https:\\\/\\\/www.instagram.com\\\/margherita.gabbiani\\\/\"]}]}<\/script>\n<!-- \/ Yoast SEO plugin. -->","yoast_head_json":{"title":"Sympathy for the Devil Tome 1 - Margherita Gabbiani","description":"Quand Antonia s'infiltre dans la vie de son rival, surnomm\u00e9 \"le diable des affaires\", elle se retrouve embarqu\u00e9e malgr\u00e9 elle dans une traque clandestine et dangereuse.","robots":{"index":"index","follow":"follow","max-snippet":"max-snippet:-1","max-image-preview":"max-image-preview:large","max-video-preview":"max-video-preview:-1"},"canonical":"https:\/\/margheritagabbiani.com\/index.php\/produit\/sympathy-for-the-devil-tome-1\/","og_locale":"fr_FR","og_type":"article","og_title":"Sympathy for the Devil Tome 1 - Margherita Gabbiani","og_description":"Quand Antonia s'infiltre dans la vie de son rival, surnomm\u00e9 \"le diable des affaires\", elle se retrouve embarqu\u00e9e malgr\u00e9 elle dans une traque clandestine et dangereuse.","og_url":"https:\/\/margheritagabbiani.com\/index.php\/produit\/sympathy-for-the-devil-tome-1\/","og_site_name":"Margherita Gabbiani","article_modified_time":"2026-04-29T09:33:52+00:00","og_image":[{"width":640,"height":642,"url":"https:\/\/margheritagabbiani.com\/wp-content\/uploads\/2026\/02\/Capture-decran-2026-02-03-a-09.59.11.png","type":"image\/png"}],"twitter_card":"summary_large_image","twitter_misc":{"Dur\u00e9e de lecture estim\u00e9e":"2 minutes"},"schema":{"@context":"https:\/\/schema.org","@graph":[{"@type":"WebPage","@id":"https:\/\/margheritagabbiani.com\/index.php\/produit\/sympathy-for-the-devil-tome-1\/","url":"https:\/\/margheritagabbiani.com\/index.php\/produit\/sympathy-for-the-devil-tome-1\/","name":"Sympathy for the Devil Tome 1 - Margherita Gabbiani","isPartOf":{"@id":"https:\/\/margheritagabbiani.com\/#website"},"primaryImageOfPage":{"@id":"https:\/\/margheritagabbiani.com\/index.php\/produit\/sympathy-for-the-devil-tome-1\/#primaryimage"},"image":{"@id":"https:\/\/margheritagabbiani.com\/index.php\/produit\/sympathy-for-the-devil-tome-1\/#primaryimage"},"thumbnailUrl":"https:\/\/i0.wp.com\/margheritagabbiani.com\/wp-content\/uploads\/2026\/02\/Capture-decran-2026-02-03-a-09.59.11.png?fit=640%2C642&ssl=1","datePublished":"2026-02-03T08:59:46+00:00","dateModified":"2026-04-29T09:33:52+00:00","description":"Quand Antonia s'infiltre dans la vie de son rival, surnomm\u00e9 \"le diable des affaires\", elle se retrouve embarqu\u00e9e malgr\u00e9 elle dans une traque clandestine et dangereuse.","breadcrumb":{"@id":"https:\/\/margheritagabbiani.com\/index.php\/produit\/sympathy-for-the-devil-tome-1\/#breadcrumb"},"inLanguage":"fr-FR","potentialAction":[{"@type":"ReadAction","target":["https:\/\/margheritagabbiani.com\/index.php\/produit\/sympathy-for-the-devil-tome-1\/"]}]},{"@type":"ImageObject","inLanguage":"fr-FR","@id":"https:\/\/margheritagabbiani.com\/index.php\/produit\/sympathy-for-the-devil-tome-1\/#primaryimage","url":"https:\/\/i0.wp.com\/margheritagabbiani.com\/wp-content\/uploads\/2026\/02\/Capture-decran-2026-02-03-a-09.59.11.png?fit=640%2C642&ssl=1","contentUrl":"https:\/\/i0.wp.com\/margheritagabbiani.com\/wp-content\/uploads\/2026\/02\/Capture-decran-2026-02-03-a-09.59.11.png?fit=640%2C642&ssl=1","width":640,"height":642},{"@type":"BreadcrumbList","@id":"https:\/\/margheritagabbiani.com\/index.php\/produit\/sympathy-for-the-devil-tome-1\/#breadcrumb","itemListElement":[{"@type":"ListItem","position":1,"name":"Accueil","item":"https:\/\/margheritagabbiani.com\/"},{"@type":"ListItem","position":2,"name":"Boutique","item":"https:\/\/margheritagabbiani.com\/index.php\/boutique\/"},{"@type":"ListItem","position":3,"name":"Sympathy for the Devil Tome 1 &#8211; format Broch\u00e9 d\u00e9dicac\u00e9"}]},{"@type":"WebSite","@id":"https:\/\/margheritagabbiani.com\/#website","url":"https:\/\/margheritagabbiani.com\/","name":"Margherita Gabbiani","description":"Auteure de romance contemporaine","publisher":{"@id":"https:\/\/margheritagabbiani.com\/#\/schema\/person\/b1408d77fac0a037cfd72afa44789b02"},"potentialAction":[{"@type":"SearchAction","target":{"@type":"EntryPoint","urlTemplate":"https:\/\/margheritagabbiani.com\/?s={search_term_string}"},"query-input":{"@type":"PropertyValueSpecification","valueRequired":true,"valueName":"search_term_string"}}],"inLanguage":"fr-FR"},{"@type":["Person","Organization"],"@id":"https:\/\/margheritagabbiani.com\/#\/schema\/person\/b1408d77fac0a037cfd72afa44789b02","name":"Margherita Gabbiani","image":{"@type":"ImageObject","inLanguage":"fr-FR","@id":"https:\/\/i0.wp.com\/margheritagabbiani.com\/wp-content\/uploads\/2022\/05\/Margherita-Gabbiani-auteur-HD-1-scaled.jpg?fit=2482%2C2560","url":"https:\/\/i0.wp.com\/margheritagabbiani.com\/wp-content\/uploads\/2022\/05\/Margherita-Gabbiani-auteur-HD-1-scaled.jpg?fit=2482%2C2560","contentUrl":"https:\/\/i0.wp.com\/margheritagabbiani.com\/wp-content\/uploads\/2022\/05\/Margherita-Gabbiani-auteur-HD-1-scaled.jpg?fit=2482%2C2560","width":2482,"height":2560,"caption":"Margherita Gabbiani"},"logo":{"@id":"https:\/\/i0.wp.com\/margheritagabbiani.com\/wp-content\/uploads\/2022\/05\/Margherita-Gabbiani-auteur-HD-1-scaled.jpg?fit=2482%2C2560"},"sameAs":["http:\/\/margheritagabbiani.com","https:\/\/www.instagram.com\/margherita.gabbiani\/"]}]}},"jetpack_sharing_enabled":true,"_links":{"self":[{"href":"https:\/\/margheritagabbiani.com\/index.php\/wp-json\/wp\/v2\/product\/7660","targetHints":{"allow":["GET"]}}],"collection":[{"href":"https:\/\/margheritagabbiani.com\/index.php\/wp-json\/wp\/v2\/product"}],"about":[{"href":"https:\/\/margheritagabbiani.com\/index.php\/wp-json\/wp\/v2\/types\/product"}],"replies":[{"embeddable":true,"href":"https:\/\/margheritagabbiani.com\/index.php\/wp-json\/wp\/v2\/comments?post=7660"}],"wp:featuredmedia":[{"embeddable":true,"href":"https:\/\/margheritagabbiani.com\/index.php\/wp-json\/wp\/v2\/media\/7662"}],"wp:attachment":[{"href":"https:\/\/margheritagabbiani.com\/index.php\/wp-json\/wp\/v2\/media?parent=7660"}],"wp:term":[{"taxonomy":"product_brand","embeddable":true,"href":"https:\/\/margheritagabbiani.com\/index.php\/wp-json\/wp\/v2\/product_brand?post=7660"},{"taxonomy":"product_cat","embeddable":true,"href":"https:\/\/margheritagabbiani.com\/index.php\/wp-json\/wp\/v2\/product_cat?post=7660"},{"taxonomy":"product_tag","embeddable":true,"href":"https:\/\/margheritagabbiani.com\/index.php\/wp-json\/wp\/v2\/product_tag?post=7660"}],"curies":[{"name":"wp","href":"https:\/\/api.w.org\/{rel}","templated":true}]}}